se r*q + 5*i + 10 = 82, -9 = -3*i. What is the tens digit of q?
1
Suppose -4*l + 12 = -3*c, -2*c + 1 = 9. Let f(h) = -15 + 14 - 3*h - 2*h**2 + l*h + 3*h**2. What is the units digit of f(-12)?
9
Suppose -5*o - 19041 = -4*a, -3*a - o = -2*o - 14289. What is the units digit of a?
4
Let v(q) = 390*q - 160. Let y be v(-4). Let o = y - -2914. What is the thousands digit of o?
1
Let s(t) = -120*t - 48. Suppose 0 = 5*c + b + 2*b + 17, 0 = -3*b + 3. What is the tens digit of s(c)?
3
Suppose -3*y - 18945 + 81390 = 0. What is the hundreds digit of y/46*((-18)/(-10) - 1)?
3
Suppose 37114 = -18*j + 149110. What is the tens digit of j?
2
Suppose a + 3*a + 3*u = 47, -4*a + 5*u = -39. Suppose 3*l - 3*s = -l + 37, 2*l = -s + a. Suppose 0 = -3*d + l*d - 140. What is the units digit of d?
5
Let k(h) = -h + 14. Let p be k(12). Suppose 6*y - p*y + 560 = 0. Let j = y + 256. What is the units digit of j?
6
Let p(c) = 2. Let x(y) = 3*y - 18. Let r(m) = 27*p(m) + 4*x(m). Suppose 0 = -0*k - k + 17. What is the units digit of r(k)?
6
Suppose -7*d + 42107 = -2*u, -9630 = -2*d - 4*u + 2428. What is the units digit of d?
7
Let u = -53628 - -111268. What is the tens digit of u?
4
Let x = -1747 - -3578. What is the hundreds digit of x?
8
Let m(q) = 39*q + 84. Let p be m(-5). What is the tens digit of -6*461/(-4)*(-74)/p?
6
Let v(c) = 2*c**2 + 19*c. Let g be v(-6). Let o = g + 44. What is the hundreds digit of 3*((-516)/(-9) - o)?
1
Let t = -157 - -452. Let a be (-2 + t/(-20))*-4. Suppose v - a = 29. What is the tens digit of v?
9
Let y = 15260 + -5335. What is the thousands digit of y?
9
Let t(q) = q**3 + 5*q**2 - 3*q - 3. Let o be t(-4). Let i = -6347 + 6505. Suppose o*n = 26*n - i. What is the tens digit of n?
5
Let h(u) = 6*u**3 - 5*u**2 + 2*u + 1. Let q be (-1 - (-6)/4) + 74/(-4). Let c be (-50)/(-18) - (-4 - 68/q). What is the hundreds digit of h(c)?
1
Let k be ((-4)/3 + 1)*(96 - 96). Suppose 3*f - 1574 - 2614 = 3*j, 3*j = k. What is the tens digit of f?
9
Suppose -23*l - 43792 = 6*l - 297194. What is the units digit of l?
8
Let i(l) = 32*l**2 - 40*l + 51. What is the hundreds digit of i(-17)?
9
What is the tens digit of (-1)/(((-2)/(-1354)*(-8)/(-56))/(-5))?
9
Let y(n) = 2869*n**2 + 47*n + 109. What is the hundreds digit of y(-2)?
4
Let d(c) = 2*c**2 - 16*c + 3. Let n be d(8). Suppose -1368 = -n*w - w. Suppose 9*x = 3*x + w. What is the units digit of x?
7
Let l(t) = -606*t + 6. Let x be l(-1). Suppose -x = -9*v + 8*v. What is the hundreds digit of v?
6
Let w = 211 + 70. Let t = -210 + w. What is the units digit of t?
1
What is the tens digit of (-6)/(-1)*(-7)/(-14)*1*8699?
9
Let a(s) = -s**2 + 9*s + 22. Let z be a(11). Suppose -5*h - 3*n - 6 = n, 5*h + 5*n + 10 = z. What is the tens digit of 85/h + (-3)/6?
4
Let u = 60848 + -26355. What is the thousands digit of u?
4
What is the tens digit of ((-36)/30)/((2/(-20255))/1)?
5
What is the tens digit of (-57)/51 + 0 + 1 + 107786668/4658?
4
Suppose 0 = 2*z - g - 481 - 675, 4*z - 5*g - 2300 = 0. Suppose r + z = -0*l + 3*l, -190 = -l + 2*r. What is the hundreds digit of l?
1
Let j = -12803 - -18376. What is the units digit of j?
3
Let m(r) = r**3 + 22*r**2 + 22*r + 16. Let b be m(-21). Let q be -1*(5 - (b + -33)). Let s = q - -131. What is the tens digit of s?
8
Let q(s) = s**3 + s**2 + s + 9. Let f be q(-2). Let y(c) = 6 - 6 + 1 + 12*c**2 - c. What is the hundreds digit of y(f)?
1
Suppose -a + 12 = a. Suppose -33 - 3 = -a*z. Let d(m) = 3*m**2 + 2*m - 3. What is the hundreds digit of d(z)?
1
Let y be 6 - (0 + -30)/2. What is the units digit of ((-89616)/28)/(-12) - (-6)/y?
7
Let b(t) = t**3 - 16*t**2 + 2*t - 29. Let k be b(16). What is the tens digit of (k/(-9))/(14/(-11676))?
7
Let x(n) = 3*n + 13 - 5*n + 21 + 16. What is the tens digit of x(-6)?
6
Let b be (-14)/(-4) + 5/(-10) + 1. Suppose -b*i = 4*q + i - 10492, 2*i = 4*q - 10464. Suppose 0 = 6*x - 20*x + q. What is the hundreds digit of x?
1
Let k(m) be the second derivative of 5*m**4/12 + m**3/3 + 45*m**2/2 + 5*m - 1. What is the tens digit of k(-9)?
3
Suppose 0 = 113*b - 121*b + 186776. What is the hundreds digit of b?
3
Suppose 7*c - 70 = -3*c. Suppose 2*w + 5*q = 23, 2*w - 68 = c*q - 3*q. What is the units digit of -1 + 0 - (-54 - w)?
7
Let h(m) = -17*m**2 + 3*m - 5. Let q(u) = 35*u**2 - 6*u + 8. Let v(i) = 5*h(i) + 3*q(i). What is the hundreds digit of v(3)?
1
Suppose -3*h + 2*n - 41 = -122, -h + 19 = 2*n. Let i(j) = 8*j - h - 2 - 2*j. What is the units digit of i(12)?
5
Suppose 7*o - 21*o + 7*o = -69531. What is the tens digit of o?
3
Let h be 10/12 - 4641/(-306). Let m(t) = 14*t - 55. What is the hundreds digit of m(h)?
1
Suppose -g - w + 2 = 1, w = 4*g + 1. Suppose 8 + 2 = 5*o. Suppose g = -o*c + 443 + 61. What is the hundreds digit of c?
2
Suppose 2*o - 212692 = -4*t, 5*t - 43*o + 38*o = 265880. What is the ten thousands digit of t?
5
Suppose 0*g + 4*g - 20 = 0. Suppose g*p + 421 = 4*y + 2143, -2*p = -5*y - 682. Let k = p + -239. What is the hundreds digit of k?
1
Suppose -95 = -5*o - 5*d, -o + 2*d = 2*o - 32. Let c(z) = -z + 14. Let x be c(o). Suppose -3*j - 153 = -5*r, 4*j - 3 - 13 = x. What is the units digit of r?
3
Suppose 168*n = 189*n - 399. Suppose -39 = 2*a - 177. Let l = n + a. What is the tens digit of l?
8
Let z(d) = d**3 - 10*d**2 - 18*d + 4. Suppose -3*w - 5*c = -41, 5*c + 1 = 6. What is the tens digit of z(w)?
7
Suppose -72*j + 135477 = -63*j. What is the hundreds digit of j?
0
Let p(i) = -234*i - 456. What is the tens digit of p(-39)?
7
Let r be 5 - (-7 - -6) - -11. Let l = 439 - r. What is the units digit of l?
2
Let x(m) = m**3 - 58*m**2 + 640*m + 4. What is the hundreds digit of x(45)?
4
Suppose 3*y + 4*l + 152 = 0, 3*y - 2*l + 188 = 3*l. Let b = -52 - y. Suppose -847 + 215 = -b*t. What is the units digit of t?
8
What is the thousands digit of ((-948)/(-18))/(2265/(-378) - -6)?
6
Suppose -11*n - 213 = -785. Let o = 54 - n. Suppose o*k = 7*k - 170. What is the tens digit of k?
3
Let b(z) = 45*z - 8. Let i = 115 - 113. What is the tens digit of b(i)?
8
Let t(o) = -3*o**3 - 83*o**2 + 34*o + 211. What is the units digit of t(-31)?
7
Let x = -22125 - -35583. What is the units digit of x?
8
Suppose a - 6*a + 5*b = -50, 4*b - 4 = 0. Suppose 0 = -5*q - 2*z + 3, -a = 3*q - 2*z - 0. What is the units digit of -1 - (q + 3)*-13?
5
Let l(k) = -5 - k**3 + 3*k**2 - 12*k + 2*k**3 + 6*k**2 - 7. Let s be l(-10). What is the units digit of -6*-8*s/6?
4
Suppose 5*l + 11*l - 5*l = 0. Suppose -4*j = -h - 132 - 660, l = 3*j - 2*h - 599. What is the units digit of j?
7
Let u = -313 - -312. What is the hundreds digit of (u/1 + -554)*(-69)/115?
3
Let s = -104 - -164. Suppose 4*o = -4*t - s, 0 = t - 0*t + 4*o + 30. What is the tens digit of (8/t)/(((-9)/(-870))/(-3))?
3
Suppose 0 = -4*i - 2*f + 76158 - 21402, -12 = 2*f. What is the units digit of i?
2
Let s = -17 + 22. Suppose -5*a + 75 = -s*o, -18 + 90 = 5*a - 2*o. Suppose 11*r = a*r - 243. What is the units digit of r?
1
Let d be 57/(-18)*3*(-6)/(-1). Let n = d - -58. What is the units digit of ((-70)/(-42))/((1/3)/n)?
5
Suppose 4*p - 8*p = -3*i + 17, -p = 4*i + 9. What is the units digit of -3 - (1 - (4 - (p - 2)))?
7
Suppose -12*m = c - 16*m - 258, -m - 1328 = -5*c. What is the units digit of c?
6
Suppose 5*n - 14 = 4*t, 0*n - 2 = -n + t. Let i(l) = -5*l + 0*l - 5*l**2 - 4*l**2 - l**3 + 3 + n*l**2. What is the tens digit of i(-4)?
3
Suppose -39*d + 4640 = -31*d. Let r = -298 + d. What is the hundreds digit of r?
2
Let y(o) = -o**2 - 7*o - 11. Let c be y(-5). What is the tens digit of ((-4572)/144)/(c/24)?
6
Suppose 13*w = -0*w + 104. Let t = -393 + 705. Suppose -5*c - t = -w*c. What is the tens digit of c?
0
Let f(a) = -3*a**2 - 590 + 424 + 930 + 1105 - 2*a. What is the thousands digit of f(0)?
1
Suppose -g = -2*r, -21*r - 3 = -2*g - 20*r. What is the tens digit of ((-51)/34)/(g/(-68))?
5
What is the hundreds digit of -7 - (-9)/((-99)/(-92411))?
3
Let m = -1560 - -14160. What is the hundreds digit of m?
6
Suppose -16*s + 81*s - 259675 = 0. What is the units digit of s?
5
Let g = -278 - -288. Suppose 3*w + 1652 = g*w. What is the units digit of w?
6
Suppose -117*n = -449463 - 1454361. What is the hundreds digit of n?
2
What is the units digit of (-630609)/(-63) - -9 - 4/(-3)?
0
Let i = -26 - -18. Let x(k) = 5*k +